 Let j(y) = y**2 - 10*y + 9. Let w be j(q). List the prime factors of b(w).
7
Let m(a) = -a**2. Let r be m(1). What are the prime factors of (-143)/(-6) + r/(-6)?
2, 3
Let m(d) = -3 + 2 - d - 1. Suppose -4*b + 5*b = -4. What are the prime factors of m(b)?
2
Suppose -2*d + 5 = -d. Let z = d + -6. List the prime factors of z - (1 - 0) - -15.
13
Suppose -5*x + 54 = 3*z - 0*z, 0 = -3*z + 9. Suppose 2*v = 21 - x. List the prime factors of v.
2, 3
Let r(f) be the second derivative of f**4/12 + 2*f**3/3 + 3*f**2 + f. What are the prime factors of r(-6)?
2, 3
List the prime factors of (34/1)/((-1)/(-2)).
2, 17
What are the prime factors of -166*9/(-6)*(-4)/(-12)?
83
List the prime factors of -6 - -33 - (0 + 0).
3
Suppose 5*i - 15 = 0, 2*b = 7*b + i - 768. What are the prime factors of b?
3, 17
Let n = 43 - -143. List the prime factors of n.
2, 3, 31
Suppose -2*k - 2*x - 2*x = -94, -4*k = -4*x - 176. What are the prime factors of k?
3, 5
Let j(l) = -l - 8. Let m be j(0). Let d = 6 - m. What are the prime factors of d?
2, 7
List the prime factors of -3*85/15*-11.
11, 17
Let c = 2 + 0. Suppose 3*f - 8 = h - 5*h, 0 = c*h - f - 4. List the prime factors of h.
2
Suppose 12*c - 3*c - 801 = 0. What are the prime factors of c?
89
What are the prime factors of -3 - (-19 + -3 - 3)*1?
2, 11
Let v = 32 + -23. Let s = 22 - v. What are the prime factors of s?
13
Suppose -c + 4*c = 3. List the prime factors of (24/(-9) + c)*-6.
2, 5
Let n(s) = -14*s**2 - 35*s - 2. Let h(l) = 5*l**2 + 12*l + 1. Let v(d) = -17*h(d) - 6*n(d). List the prime factors of v(4).
3
Let t be 0 + (-2)/(1*-2). Let c be ((-3)/(-1) + -1)*t. Suppose c*r = -g + 28 - 2, -4*r = 4*g - 60. List the prime factors of r.
11
Let u = -18 + 33. List the prime factors of -10 + 9 + u + -1.
13
Suppose -5*m = m - 432. What are the prime factors of m?
2, 3
Let b(x) = -3*x - x**2 - 4 - x + 13 - 3*x. List the prime factors of b(-7).
3
List the prime factors of (390/4)/((-12)/(-24)).
3, 5, 13
List the prime factors of -4 - (-7)/(21/153).
47
Let o be (260/15)/((-1)/(-3)). Suppose -2*t + o = -2*m, -m + 0 - 4 = 0. List the prime factors of t.
2, 11
Let k(x) = x**3 - 4*x**2 - x + 4. Let q be k(4). Suppose y + 2*i - 12 = -q*i, 4*y - 18 = -2*i. What are the prime factors of y?
2
Let c = 9 + 1. Let x(i) = 2*i + 9. Let m be x(c). Suppose 5*o - 1 - m = 5*p, -p = -2*o + 8. What are the prime factors of o?
2
Let p = 143 - 84. List the prime factors of p.
59
What are the prime factors of (-3)/2*(-1280)/30?
2
Suppose -5*r = -203 + 3. What are the prime factors of r?
2, 5
Suppose a - 4*a + 162 = 0. List the prime factors of (3/2 + -1)*a.
3
Suppose -5*o + 2*k - 69 = 61, -4*k = -2*o - 68. List the prime factors of ((-63)/(-12))/((-9)/o).
2, 7
Let j be (-12 + 0)*6/(-12). Let z(r) = r - 4. What are the prime factors of z(j)?
2
Let t(k) = 30*k**2 + 1. Let f be t(1). Let l = f + -21. List the prime factors of l.
2, 5
Let s(n) = 2*n**2 + 2*n + 1. Let h be s(-1). Let z = h + 1. List the prime factors of z.
2
Let m = -9 + 25. Suppose 4*r = -0*r + m. List the prime factors of (6/r)/(5/40).
2, 3
Let g = -8 - -5. Let t be (-58)/6 - g/(-9). List the prime factors of (15/t)/(3/(-20)).
2, 5
Suppose -4*v + 149 = -55. What are the prime factors of v?
3, 17
Let k(i) = -3*i**2 - i + 7. Let c be (-4 - -4) + 2 + 2. Let d(r) = -2*r**2 + 6. Let l(b) = c*d(b) - 3*k(b). List the prime factors of l(-5).
13
Suppose 2*t + 2*t - 16 = 0. List the prime factors of t.
2
Suppose -14 = -4*r - p, -16 = -3*r - 3*p + 5*p. Suppose -b = -3*b + r. Suppose b = k, -7*y + 2*y = -4*k - 47. What are the prime factors of y?
11
Suppose -7*w = -4*w - 6. Suppose w*s = 3*s - 2*b - 10, 5*s = -3*b + 24. Let x = s - 4. List the prime factors of x.
2
Let u(w) = 6*w + 63. Let d(r) = 2*r + 21. Let f(m) = 8*d(m) - 3*u(m). List the prime factors of f(-14).
7
Let w(r) = -r - 1. Let a(y) = 6*y. Let j(b) = -a(b) + 3*w(b). Let v(g) = g + 1. Let f(k) = j(k) + 6*v(k). List the prime factors of f(-3).
2, 3
Suppose -2*f + 378 = 5*f. List the prime factors of f.
2, 3
What are the prime factors of ((-36)/(-45))/(1/115)?
2, 23
Let k = -18 - -30. List the prime factors of k.
2, 3
Let h be (1 - -64)*4/10. List the prime factors of 7872/208 + 4/h.
2, 19
Let z(t) = t**2 - 8*t + 12. Let g = 3 - 0. Let j = g + 5. List the prime factors of z(j).
2, 3
Let v = 24 - 45. Let c = 47 + v. List the prime factors of c.
2, 13
Let t be 4/(-14) + (-132)/(-21). Suppose -5 = -5*v - k, -5*v + 19 = -3*k - t. List the prime factors of v.
2
Suppose 3*b - b - 3*k = 44, 3*b - k = 52. What are the prime factors of b?
2
Let r = -138 - -175. List the prime factors of r.
37
Suppose 0 = -d + b + 83, -2*d + 162 = 2*b - 3*b. List the prime factors of d.
79
Let q(h) = h**3 + 10*h**2 + 10*h - 1. Let u be q(-9). Let c(w) = -w**3 - 4*w**2 + 6*w. Let v be c(-5). Let d = v - u. List the prime factors of d.
5
Let t = 81 + -78. What are the prime factors of t?
3
Suppose 0 = l + 3*l - 336. List the prime factors of l.
2, 3, 7
Let n(v) = 6*v**3 - v**2 - v. Let z be n(-1). Let t(q) = -q**3 - 6*q**2 - q - 4. What are the prime factors of t(z)?
2
Let t be (3/((-12)/16))/(-1). Let h = 28 + t. List the prime factors of h.
2
Let q(o) = o**3 - 4*o**2 + 4*o + 2. Let s be q(4). Suppose 2*m - 5*i - 1 = -3, -i = 4*m - s. Suppose -7 = -b + m. List the prime factors of b.
11
Let s(y) be the second derivative of -y**5/20 + y**3/6 + 5*y**2/2 - 3*y. What are the prime factors of s(0)?
5
Let m = -11 + 6. Let s = m - -3. List the prime factors of 8/(-12)*33/s.
11
Suppose 0 = -5*o + 20, -2*w = 2*w - o. Let d(t) = t**2 - t - 1. Let h be d(w). List the prime factors of 6 + h*2 + 2.
2, 3
Suppose -3*z - 6*j + j = 359, 587 = -5*z + 3*j. Let m = -78 - z. List the prime factors of m.
2, 5
Let m be (-1112)/20 - (-2)/(-5). Let b = -31 - m. List the prime factors of b.
5
Let o(d) = d**3 + 11*d**2 - d - 4. Let p be o(-11). Let u(h) = -h**3 + 6*h**2 + 8*h - 2. List the prime factors of u(p).
5
Let m = -24 + 34. Let c(l) = 2*l**2 + 7*l + 6. Let w be c(-4). What are the prime factors of (-4)/w + 34/m?
3
List the prime factors of (-1)/(-2)*6*9.
3
Let t(u) = -19*u + 17. List the prime factors of t(-9).
2, 47
Let h = 1 - -3. Suppose -2*f + f + h = 0. What are the prime factors of f?
2
Let q be 126/7 - (0 + 1). Suppose -133 = -0*t - 4*t - 5*w, 2*w + q = t. List the prime factors of t.
3
Let d = 3 - 4. List the prime factors of (-3)/(-6)*(d + 21).
2, 5
Let f(v) = v**3 - v**2 + 4*v - 2. Let r(h) = -h - 6. Let m be r(-9). What are the prime factors of f(m)?
2, 7
Suppose -3 - 21 = -4*w. Suppose -4*g + 16 = 0, w*o = o - 2*g + 148. What are the prime factors of o?
2, 7
Let w be (-15)/6*6/(-5). Suppose 1 = w*b - 3*p - 8, 4*p + 6 = 2*b. Suppose b*l = 3 + 45. List the prime factors of l.
2
Let q(b) = -b**2 + b. Let g(k) = 3*k**2 - 6*k - 5. Let x(r) = g(r) + 2*q(r). Let j be x(5). Let m(y) = y + 10. What are the prime factors of m(j)?
2, 5
Suppose -2*g + 4*g - 62 = 0. Suppose 5*w = 5*l - 180, w + 36 = 2*l - g. Let j = -22 + l. What are the prime factors of j?
3
Suppose -o = -0*o - 28. Suppose -3*l + 4*a + 14 - 6 = 0, l + 5*a = o. What are the prime factors of l?
2
Let a be 2/(-3)*(-27)/6. Let i(p) = -2*p**3 - 5*p - 4*p**2 + 6 - p**3 + 4*p**a. List the prime factors of i(5).
2, 3
Let t = 26 + 20. What are the prime factors of t?
2, 23
Suppose 8*t - 129 - 1215 = 0. What are the prime factors of t?
2, 3, 7
List the prime factors of ((-88)/(-3))/(4/84*7).
2, 11
Suppose -6 = -6*a + 4*a. Suppose -5*z + 2*z + a*s + 21 = 0, -2*z + 10 = 2*s. List the prime factors of z.
2, 3
Let i be (-3)/(-1) - 36/(-3). Let w = 0 + i. List the prime factors of w.
3, 5
List the prime factors of 38/1 + -7 + 8.
3, 13
Let s be (0 - (-5 - -1)) + -2. Suppose 0 = m + y + 10, -4 + 0 = s*m - 2*y. What are the prime factors of -9*m/63*7?
2, 3
Suppose a = 3*i + 22, -6*a + 30 = -a + 5*i. Let b(d) be the third derivative of -d**4/24 + 13*d**3/6 - d**2. What are the prime factors of b(a)?
3
Suppose -t - 18 = t. Let i = 14 + t. List the prime factors of i.
5
Let z(a) = -6*a**3 - 1. What are the prime factors of z(-2)?
47
List the prime factors of -276*(7/21)/((-1)/2).
2, 23
Let x(l) = -3*l + 6*l**2 + 3*l**2 - 4*l**2 - 3*l**2. List the prime factors of x(4).
2, 5
What are the prime factors of (328/(-3))/((-24)/36)?
2, 41
